 first derivative of y**4/2 - y**3 - 3*y**2/2 - 2*y + 108. Calculate n(3).
16
Suppose -a = 2*a - 129. Suppose -a = -2*g + 19. Let q(b) = -g*b**2 - 6 + b**3 - 3 + 38*b**2 - 2*b. What is q(-7)?
5
Suppose -231*c + 16 = -227*c. Let m(j) = j**3 - 5*j**2 + 4*j + 4. What is m(c)?
4
Let u be 8/28 - 12/(-7). Let b(z) = -61*z**2 + 3*z - u*z**3 + 3*z**3 + 2 + 63*z**2. What is b(-3)?
-16
Let c = 343 + -343. Let b(w) = -8*w**3 - w**2 + 7*w - 14. Let g(s) = -7*s**3 - s**2 + 6*s - 13. Let u(m) = 6*b(m) - 7*g(m). Determine u(c).
7
Let s(o) = -o**2 + o. Let w(l) = l**2 - 4*l - 1. Let p(u) = -2*s(u) - 3*w(u). Give p(10).
3
Let z(m) = -m**2 + 2*m - 1. Let x(h) be the first derivative of h**2/2 + 33*h - 1. Let l be x(-15). Let j = l + -16. Give z(j).
-1
Let g be 5/(-4)*(-1 - 3). Let n be (-3)/(-2) + 12/8. Let i(j) = -45*j + 5*j**2 + 45*j - j**n - 6. Calculate i(g).
-6
Let t(j) = 9*j - 19. Let z(v) = 22*v - 37. Let s(b) = 5*t(b) - 2*z(b). Give s(19).
-2
Let k(b) = -1 + 0*b**2 - b + 21*b + 3 - 17*b - 3*b**2. Calculate k(-1).
-4
Let t(r) = 1280 - r - 427 + 3*r**2 - 426 + 9*r**2 - 426. Let s be (-3)/(-6) + (-2)/(-4). Calculate t(s).
12
Let o = 196 - 184. Let j(p) = -2*p + 18. Calculate j(o).
-6
Let k(g) = g - 5 - 23 - g**2 - 18 + 7. Give k(0).
-39
Let n(o) = 2*o**2 - 1. Let p be (-2)/6 + (-6)/9. Calculate n(p).
1
Let r be (-448)/(-35) - (-2)/10. Let x = -9 + r. Let g(q) = -q**2 + 3*q - 5. Let c(o) = o**2 - 2*o + 6. Let b(n) = x*c(n) + 5*g(n). Determine b(6).
5
Let m = 4426 - 4417. Let y(d) = -3*d**2 + 13*d - 50. Let q(j) = j**2 - 4*j + 17. Let u(s) = 17*q(s) + 6*y(s). Calculate u(m).
-2
Let k(c) = -6*c**2 + 21*c - 2. Let g(t) = -t**2 + t + 2. Let s(z) = -5*g(z) + k(z). Give s(14).
16
Let b(q) = 4 - 5 + 2 + 4*q**2 - 3*q**2. Suppose 3*g = 2*r + 13, g + 4*r + 61 = 56. Give b(g).
10
Let y(o) = -o**3 - 2*o**2 + 4*o. Let a be ((-90)/(-35))/((-2)/(-28)). Let x be (6/(-9))/(8/a). What is y(x)?
-3
Let o(t) = t**2 - 3 + 1 + 4*t - 3 + 10. Calculate o(-5).
10
Let o be (-1 + -1)/1 + 7. Suppose 0 = 4*v, o*r - 6 = 4*v + 24. Let u(x) be the third derivative of -x**5/60 + 5*x**4/24 - x**3/2 - 4*x**2. Determine u(r).
-9
Let w(p) = 2*p**3 + 4*p**2 - 7. Let r(f) = -3*f**3 - 9*f**2 + 15. Let c(b) = 3*r(b) + 5*w(b). Give c(7).
10
Let j(k) = -k**3 + 4*k**2 + 8*k - 5. Let c(b) = 55*b - 270. Let r be c(5). Calculate j(r).
10
Let j be 46/14 - (-2)/(-7). Let p be (1 + j/2)*2. Let i(u) = -7*u**2 + u + 1. Let o(x) = 36*x**2 - 11*x - 11. Let y(z) = -5*i(z) - o(z). What is y(p)?
11
Let b = 53 - 58. Let v be (-3)/b + 46/115. Let d(y) = -6*y**3 + y**2 - 1. Determine d(v).
-6
Let k(y) be the first derivative of -2*y**2 + 6*y - 1. Let q be k(6). Let d be (-40)/18 + (-4)/q. Let x(z) = z**3 + 4*z**2 + 3*z. Determine x(d).
2
Let c(k) be the first derivative of k**6/24 + k**5/60 + k**4/24 - 2*k**3/3 + 11. Let g(v) be the third derivative of c(v). Give g(-1).
14
Let g = 15 - 12. Let m(f) = -f + 3*f**2 - 5*f**2 - 2*f - 4 - f**g. Give m(-3).
14
Let y(h) be the first derivative of h**4/12 - 3*h**3/2 + 5*h**2 - 21*h - 13. Let d(g) be the first derivative of y(g). Suppose 0 = 4*w - 29 + 1. Give d(w).
-4
Let w(y) be the second derivative of y**5/20 + 5*y**4/12 - 3*y**3/2 - 3*y**2 + 14*y. Let o(j) = 9*j - 87. Let l be o(9). Give w(l).
12
Suppose 31*s - 112 = 3*s. Let m(n) = n**2 + 2*n - 21. What is m(s)?
3
Let v(i) = 4*i + 2. Let j = -42 + 35. Let h = j + 3. Determine v(h).
-14
Let q = -34 + 32. Let b(r) = -2*r**3 + r**2 - 7*r + 9. Let a(f) = f**3 + 3*f - 4. Let m(h) = -7*a(h) - 3*b(h). Calculate m(q).
-3
Let j(x) = x**3 + 3*x**2 + 2 - 4949*x + 4949*x. Let y(n) = 1. Let r(q) = q - 3. Let s(v) = -r(v) - 3*y(v). Let h be s(3). Calculate j(h).
2
Let r(m) = -m**3 - 15. Let o = 807 - 807. Give r(o).
-15
Let v = -140 - -120. Let a be -1*1/((-56)/v - 3). Let c(h) = h**3 - 6*h**2 + 5*h + 5. Give c(a).
5
Let z(r) = -2*r + 3. Let l(s) = -1. Let i(n) = -5*l(n) - z(n). Let u be i(-4). Let w(f) = -48*f - 41*f + 8 + 19*f**2 + 85*f - 20*f**2. Calculate w(u).
-4
Suppose 5*z = -2*i - 21, 3*z + z + 20 = 0. Let p(y) = -i*y - 2 + 0*y + 4 + y. Let v(r) = 12*r - 42. Let d be v(4). Calculate p(d).
-4
Let k(i) be the third derivative of i**6/180 + i**5/40 + i**4/24 - 4*i**3/3 - 18*i**2. Let g(j) be the first derivative of k(j). Determine g(-3).
10
Let v be -1*(-2)/((-4)/26). Let m(j) = j + 13. Let q be m(v). Let r(c) = -c - 1 + 0 + 5. Determine r(q).
4
Suppose -k + 16 = 4*r, 4*r = -5*k + 14 + 2. Let j(d) = d**2 - 2*d - 4. Let a be j(r). Let m(h) = -a*h**2 - 2*h - 2*h**2 - 2 + 1 + 2. Give m(1).
-7
Let x(j) be the first derivative of -5*j**2/2 - 4*j + 6. Let i be x(-2). Let t(h) = 4 - 2 + i + h. Calculate t(-4).
4
Suppose 11*u = 16 + 39. Let z(j) = 14*j + u*j - 28*j. Determine z(-2).
18
Let x(z) = 23*z + 22. Let r(q) = -2*q - 4. Let y(v) = 6*r(v) + x(v). Calculate y(2).
20
Let b be (-32)/56 - (-10)/(-7). Let d(h) = h**3 + h**2 - h - 2. Give d(b).
-4
Let q(d) be the third derivative of -d**5/12 + d**3/6 + 130*d**2. Give q(1).
-4
Let h(y) be the second derivative of -y**4/12 - 2*y**3/3 - y**2 - 3*y. Calculate h(-3).
1
Suppose -2*k = -5*h - 20, 3*k - 33 = 3*h - 12. Let n(a) = -2*a**2 + 2. What is n(h)?
-6
Let o(a) be the second derivative of -a**5/20 - a**4/4 - a**3/6 + 3*a**2 + 154*a. What is o(-3)?
9
Let m(j) be the second derivative of j**8/6720 - j**6/360 - j**5/40 - 2*j**4/3 - 12*j. Let x(k) be the third derivative of m(k). Determine x(-2).
-7
Let y(a) = 4*a**2 - 2*a**2 + 0 - 12262*a**3 + 12261*a**3 + 5 - 5*a**2. What is y(-4)?
21
Let q be 4/6*(-1 - (-68)/8). Let m(r) = -r**3 + 3*r**2 + 5*r - 2. Calculate m(q).
-27
Let b(g) = g - 1. Let t = 1838 + -1825. Calculate b(t).
12
Let l(n) be the first derivative of -n**7/840 - n**6/120 - n**5/30 - n**4/24 - 2*n**3 + 1. Let a(o) be the third derivative of l(o). What is a(-3)?
11
Let f(x) be the first derivative of x**2/2 - 8*x + 99. Let i = 25 - 19. Determine f(i).
-2
Let g be (-10)/25 + 49/35. Let j(n) = -2*n**2 - n + 1. Determine j(g).
-2
Let q(b) = 7 - 4*b - 5 - b**2 - 7 + 4*b**2 - 2*b**2. Calculate q(6).
7
Let x = 76 - 34. Suppose -27*v - 360 = -36*v. Let j(h) = h - v - 3*h + x. What is j(4)?
-6
Let x(r) = r**2 - 6*r + 1. Let g(j) = -j**2 - 2*j**3 - 2 + 1 - 2*j - j**3. Let v be g(-1). Let m be (-3)/(-9)*5*v. Calculate x(m).
-4
Let v(g) = -7*g. Let z(n) = 2*n + 1. Let h(o) = -3*v(o) - 11*z(o). Let f be (-4 - -3)/(1/6). What is h(f)?
-5
Let a(j) = 7*j**2 + 1. Let b = 84 - 83. Determine a(b).
8
Let m(o) = -o**3 + 4*o**2 - 4. Let w = -375 - -378. Give m(w).
5
Let v(f) = 21 - 11 - 11 + 2*f - 5 - 13. Determine v(6).
-7
Let y(i) = 10*i + 2. Let w be ((-1)/3)/(3/27). Calculate y(w).
-28
Let b be 6/(-12) + 7/2. Let l(j) = -j - 7*j + 5 + 12*j - b. Let y(w) = -2*w + 6. Let z be y(4). Determine l(z).
-6
Let n(f) = -7353 + 7353 + 3*f. Give n(2).
6
Let z(j) = 13*j**3 - 29*j**3 + 17*j**3 - 7*j + 6 - 8*j**2. What is z(9)?
24
Let c(t) = -t**2 + 6*t + 7. Suppose -45 = -4*r - 21. Suppose l = 5, 2*i - 35 = l - r*l. Determine c(i).
12
Let w(b) = 2*b + 1. Let p(l) = 36*l + 18. Let s(g) = -p(g) + 15*w(g). What is s(-2)?
9
Suppose -2*r - 189 = 5*u + 55, -3*r = -4*u - 186. Let z be 4/3 + (-32)/u. Let m(t) = t**2 + t + 1. Calculate m(z).
7
Let y(m) be the second derivative of -5*m**3/6 + 15*m**2/2 + 2*m - 301. Give y(5).
-10
Let n(w) = -5*w - 8 + w**3 - 5*w + 7*w + 7*w**2. Suppose -8*z + 2 = -7*z. Let y(a) = -8*a + 9. Let u be y(z). Calculate n(u).
13
Suppose 0 = -2*x + 4465 - 4463. Let q(m) = -47*m**2 + m. What is q(x)?
-46
Let r = 15 - 14. Let m(q) be the first derivative of -3*q**4/2 + 2*q**3/3 - q + 15. What is m(r)?
-5
Let o(m) = -2*m + 6. Let d(v) = v - 7. Let y(f) = -f + 8. Let k be y(6). Let t be 8 - (5 - k)*-1. Let z be d(t). Give o(z).
-2
Let y = 605 + -601. Let u(z) be the second derivative of -3/2*z**3 + 9/2*z**2 + 0 + z + 1/12*z**y. Give u(6).
-9
Suppose -5*w - 7 = -s, -1 = 4*s - 7*s - 5*w. Suppose 56*j + s = 54*j. Let d(f) = f**3 + f**2 - f - 1. Calculate d(j).
0
Let s(f) = -4*f - 7. Let y = 407 - 413. What is s(y)?
17
Let q(g) = -4*g - 13. Let j be q(-4). Suppose -19 = j*u - 5*z, 3*u + 14 = -u + z. Let k(l) = l**2. Calculate k(u).
9
Let o be (-10)/(-25) + (-56)/(-10). Let u(l) = -l**3 + l**2 + l + 1. Let j(n) = 0 - 2*n**3 - 4*n + 0 - n - 2*n**2. Let c(h) = j(h) - 3*u(h). Determine c(o).
-15
Let o